{"id":171,"date":"2019-02-19T08:35:27","date_gmt":"2019-02-19T08:35:27","guid":{"rendered":"http:\/\/interhotelcentral.ms.decms.eu\/?page_id=171"},"modified":"2019-02-19T08:35:27","modified_gmt":"2019-02-19T08:35:27","slug":"badewanne-fuer-hydrotherapie-ocean-forte","status":"publish","type":"page","link":"https:\/\/www.interhotel-central.cz\/de\/aktuelle-news\/badewanne-fuer-hydrotherapie-ocean-forte\/","title":{"rendered":"Badewanne f\u00fcr Hydrotherapie OCEAN FORTE"},"content":{"rendered":"<p style=\"text-align: left;\">Interhotel Central hat eine neue Badewanne f\u00fcr Hydrotherapie OCEAN FORTE erworben. Neue Badewanne erm\u00f6glicht verschiedene Arten der Wassermassage (Ganzk\u00f6rpermassage, \u00a0Whirlpool-Massage, Hydroxeur) und Mineralb\u00e4der mit Thermalwasser durchzuf\u00fchren. Andere Vorteile der neuen Badewanne: h\u00f6here Intensit\u00e4t, Variation der Programme und extra Volumen geeignet \u00a0f\u00fcr Kunden mit \u00dcbergewicht (bis 150 kg).<\/p>\n","protected":false},"excerpt":{"rendered":"<p>Interhotel Central hat eine neue Badewanne f\u00fcr Hydrotherapie OCEAN FORTE erworben. Neue Badewanne erm\u00f6glicht verschiedene [&hellip;]<\/p>\n","protected":false},"author":6,"featured_media":1091,"parent":164,"menu_order":8,"comment_status":"closed","ping_status":"closed","template":"","meta":{"footnotes":""},"class_list":["post-171","page","type-page","status-publish","has-post-thumbnail","hentry"],"yoast_head":"<!-- This site is optimized with the Yoast SEO plugin v26.9 - https:\/\/yoast.com\/product\/yoast-seo-wordpress\/ -->\n<title>Badewanne f\u00fcr Hydrotherapie OCEAN FORTE -<\/title>\n<meta name=\"robots\" content=\"index, follow, max-snippet:-1, max-image-preview:large, max-video-preview:-1\" \/>\n<link rel=\"canonical\" href=\"https:\/\/www.interhotel-central.cz\/de\/aktuelle-news\/badewanne-fuer-hydrotherapie-ocean-forte\/\" \/>\n<meta property=\"og:locale\" content=\"de_DE\" \/>\n<meta property=\"og:type\" content=\"article\" \/>\n<meta property=\"og:title\" content=\"Badewanne f\u00fcr Hydrotherapie OCEAN FORTE -\" \/>\n<meta property=\"og:description\" content=\"Interhotel Central hat eine neue Badewanne f\u00fcr Hydrotherapie OCEAN FORTE erworben. Neue Badewanne erm\u00f6glicht verschiedene [&hellip;]\" \/>\n<meta property=\"og:url\" content=\"https:\/\/www.interhotel-central.cz\/de\/aktuelle-news\/badewanne-fuer-hydrotherapie-ocean-forte\/\" \/>\n<meta property=\"og:image\" content=\"https:\/\/www.interhotel-central.cz\/wp-content\/uploads\/sites\/5\/2019\/02\/interhotel-central-11-2.jpg\" \/>\n\t<meta property=\"og:image:width\" content=\"2200\" \/>\n\t<meta property=\"og:image:height\" content=\"1200\" \/>\n\t<meta property=\"og:image:type\" content=\"image\/jpeg\" \/>\n<meta name=\"twitter:card\" content=\"summary_large_image\" \/>\n<script type=\"application\/ld+json\" class=\"yoast-schema-graph\">{\"@context\":\"https:\/\/schema.org\",\"@graph\":[{\"@type\":\"WebPage\",\"@id\":\"https:\/\/www.interhotel-central.cz\/de\/aktuelle-news\/badewanne-fuer-hydrotherapie-ocean-forte\/\",\"url\":\"https:\/\/www.interhotel-central.cz\/de\/aktuelle-news\/badewanne-fuer-hydrotherapie-ocean-forte\/\",\"name\":\"Badewanne f\u00fcr Hydrotherapie OCEAN FORTE -\",\"isPartOf\":{\"@id\":\"https:\/\/www.interhotel-central.cz\/de\/#website\"},\"primaryImageOfPage\":{\"@id\":\"https:\/\/www.interhotel-central.cz\/de\/aktuelle-news\/badewanne-fuer-hydrotherapie-ocean-forte\/#primaryimage\"},\"image\":{\"@id\":\"https:\/\/www.interhotel-central.cz\/de\/aktuelle-news\/badewanne-fuer-hydrotherapie-ocean-forte\/#primaryimage\"},\"thumbnailUrl\":\"https:\/\/www.interhotel-central.cz\/wp-content\/uploads\/sites\/5\/2019\/02\/interhotel-central-11-2.jpg\",\"datePublished\":\"2019-02-19T08:35:27+00:00\",\"breadcrumb\":{\"@id\":\"https:\/\/www.interhotel-central.cz\/de\/aktuelle-news\/badewanne-fuer-hydrotherapie-ocean-forte\/#breadcrumb\"},\"inLanguage\":\"de-DE\",\"potentialAction\":[{\"@type\":\"ReadAction\",\"target\":[\"https:\/\/www.interhotel-central.cz\/de\/aktuelle-news\/badewanne-fuer-hydrotherapie-ocean-forte\/\"]}]},{\"@type\":\"ImageObject\",\"inLanguage\":\"de-DE\",\"@id\":\"https:\/\/www.interhotel-central.cz\/de\/aktuelle-news\/badewanne-fuer-hydrotherapie-ocean-forte\/#primaryimage\",\"url\":\"https:\/\/www.interhotel-central.cz\/wp-content\/uploads\/sites\/5\/2019\/02\/interhotel-central-11-2.jpg\",\"contentUrl\":\"https:\/\/www.interhotel-central.cz\/wp-content\/uploads\/sites\/5\/2019\/02\/interhotel-central-11-2.jpg\",\"width\":2200,\"height\":1200},{\"@type\":\"BreadcrumbList\",\"@id\":\"https:\/\/www.interhotel-central.cz\/de\/aktuelle-news\/badewanne-fuer-hydrotherapie-ocean-forte\/#breadcrumb\",\"itemListElement\":[{\"@type\":\"ListItem\",\"position\":1,\"name\":\"Home\",\"item\":\"https:\/\/www.interhotel-central.cz\/de\/\"},{\"@type\":\"ListItem\",\"position\":2,\"name\":\"Aktuelle News\",\"item\":\"https:\/\/www.interhotel-central.cz\/de\/aktuelle-news\/\"},{\"@type\":\"ListItem\",\"position\":3,\"name\":\"Badewanne f\u00fcr Hydrotherapie OCEAN FORTE\"}]},{\"@type\":\"WebSite\",\"@id\":\"https:\/\/www.interhotel-central.cz\/de\/#website\",\"url\":\"https:\/\/www.interhotel-central.cz\/de\/\",\"name\":\"\",\"description\":\"Just another ms.decms.eu site\",\"potentialAction\":[{\"@type\":\"SearchAction\",\"target\":{\"@type\":\"EntryPoint\",\"urlTemplate\":\"https:\/\/www.interhotel-central.cz\/de\/?s={search_term_string}\"},\"query-input\":{\"@type\":\"PropertyValueSpecification\",\"valueRequired\":true,\"valueName\":\"search_term_string\"}}],\"inLanguage\":\"de-DE\"}]}<\/script>\n<!-- \/ Yoast SEO plugin. -->","yoast_head_json":{"title":"Badewanne f\u00fcr Hydrotherapie OCEAN FORTE -","robots":{"index":"index","follow":"follow","max-snippet":"max-snippet:-1","max-image-preview":"max-image-preview:large","max-video-preview":"max-video-preview:-1"},"canonical":"https:\/\/www.interhotel-central.cz\/de\/aktuelle-news\/badewanne-fuer-hydrotherapie-ocean-forte\/","og_locale":"de_DE","og_type":"article","og_title":"Badewanne f\u00fcr Hydrotherapie OCEAN FORTE -","og_description":"Interhotel Central hat eine neue Badewanne f\u00fcr Hydrotherapie OCEAN FORTE erworben. Neue Badewanne erm\u00f6glicht verschiedene [&hellip;]","og_url":"https:\/\/www.interhotel-central.cz\/de\/aktuelle-news\/badewanne-fuer-hydrotherapie-ocean-forte\/","og_image":[{"width":2200,"height":1200,"url":"https:\/\/www.interhotel-central.cz\/wp-content\/uploads\/sites\/5\/2019\/02\/interhotel-central-11-2.jpg","type":"image\/jpeg"}],"twitter_card":"summary_large_image","schema":{"@context":"https:\/\/schema.org","@graph":[{"@type":"WebPage","@id":"https:\/\/www.interhotel-central.cz\/de\/aktuelle-news\/badewanne-fuer-hydrotherapie-ocean-forte\/","url":"https:\/\/www.interhotel-central.cz\/de\/aktuelle-news\/badewanne-fuer-hydrotherapie-ocean-forte\/","name":"Badewanne f\u00fcr Hydrotherapie OCEAN FORTE -","isPartOf":{"@id":"https:\/\/www.interhotel-central.cz\/de\/#website"},"primaryImageOfPage":{"@id":"https:\/\/www.interhotel-central.cz\/de\/aktuelle-news\/badewanne-fuer-hydrotherapie-ocean-forte\/#primaryimage"},"image":{"@id":"https:\/\/www.interhotel-central.cz\/de\/aktuelle-news\/badewanne-fuer-hydrotherapie-ocean-forte\/#primaryimage"},"thumbnailUrl":"https:\/\/www.interhotel-central.cz\/wp-content\/uploads\/sites\/5\/2019\/02\/interhotel-central-11-2.jpg","datePublished":"2019-02-19T08:35:27+00:00","breadcrumb":{"@id":"https:\/\/www.interhotel-central.cz\/de\/aktuelle-news\/badewanne-fuer-hydrotherapie-ocean-forte\/#breadcrumb"},"inLanguage":"de-DE","potentialAction":[{"@type":"ReadAction","target":["https:\/\/www.interhotel-central.cz\/de\/aktuelle-news\/badewanne-fuer-hydrotherapie-ocean-forte\/"]}]},{"@type":"ImageObject","inLanguage":"de-DE","@id":"https:\/\/www.interhotel-central.cz\/de\/aktuelle-news\/badewanne-fuer-hydrotherapie-ocean-forte\/#primaryimage","url":"https:\/\/www.interhotel-central.cz\/wp-content\/uploads\/sites\/5\/2019\/02\/interhotel-central-11-2.jpg","contentUrl":"https:\/\/www.interhotel-central.cz\/wp-content\/uploads\/sites\/5\/2019\/02\/interhotel-central-11-2.jpg","width":2200,"height":1200},{"@type":"BreadcrumbList","@id":"https:\/\/www.interhotel-central.cz\/de\/aktuelle-news\/badewanne-fuer-hydrotherapie-ocean-forte\/#breadcrumb","itemListElement":[{"@type":"ListItem","position":1,"name":"Home","item":"https:\/\/www.interhotel-central.cz\/de\/"},{"@type":"ListItem","position":2,"name":"Aktuelle News","item":"https:\/\/www.interhotel-central.cz\/de\/aktuelle-news\/"},{"@type":"ListItem","position":3,"name":"Badewanne f\u00fcr Hydrotherapie OCEAN FORTE"}]},{"@type":"WebSite","@id":"https:\/\/www.interhotel-central.cz\/de\/#website","url":"https:\/\/www.interhotel-central.cz\/de\/","name":"","description":"Just another ms.decms.eu site","potentialAction":[{"@type":"SearchAction","target":{"@type":"EntryPoint","urlTemplate":"https:\/\/www.interhotel-central.cz\/de\/?s={search_term_string}"},"query-input":{"@type":"PropertyValueSpecification","valueRequired":true,"valueName":"search_term_string"}}],"inLanguage":"de-DE"}]}},"acf":[],"_links":{"self":[{"href":"https:\/\/www.interhotel-central.cz\/de\/wp-json\/wp\/v2\/pages\/171","targetHints":{"allow":["GET"]}}],"collection":[{"href":"https:\/\/www.interhotel-central.cz\/de\/wp-json\/wp\/v2\/pages"}],"about":[{"href":"https:\/\/www.interhotel-central.cz\/de\/wp-json\/wp\/v2\/types\/page"}],"author":[{"embeddable":true,"href":"https:\/\/www.interhotel-central.cz\/de\/wp-json\/wp\/v2\/users\/6"}],"replies":[{"embeddable":true,"href":"https:\/\/www.interhotel-central.cz\/de\/wp-json\/wp\/v2\/comments?post=171"}],"version-history":[{"count":0,"href":"https:\/\/www.interhotel-central.cz\/de\/wp-json\/wp\/v2\/pages\/171\/revisions"}],"up":[{"embeddable":true,"href":"https:\/\/www.interhotel-central.cz\/de\/wp-json\/wp\/v2\/pages\/164"}],"wp:featuredmedia":[{"embeddable":true,"href":"https:\/\/www.interhotel-central.cz\/de\/wp-json\/wp\/v2\/media\/1091"}],"wp:attachment":[{"href":"https:\/\/www.interhotel-central.cz\/de\/wp-json\/wp\/v2\/media?parent=171"}],"curies":[{"name":"wp","href":"https:\/\/api.w.org\/{rel}","templated":true}]}}

Badewanne für Hydrotherapie OCEAN FORTE

<p style="text-align: left;">Interhotel Central hat eine neue Badewanne für Hydrotherapie OCEAN FORTE erworben. Neue Badewanne ermöglicht verschiedene Arten der Wassermassage (Ganzkörpermassage,  Whirlpool-Massage, Hydroxeur) und Mineralbäder mit Thermalwasser durchzuführen. Andere Vorteile der neuen Badewanne: höhere Intensität, Variation der Programme und extra Volumen geeignet  für Kunden mit Übergewicht (bis 150 kg).</p>

<p>Interhotel Central hat eine neue Badewanne für Hydrotherapie OCEAN FORTE erworben. Neue Badewanne ermöglicht verschiedene [&hellip;]</p>

<!-- This site is optimized with the Yoast SEO plugin v26.9 - https://yoast.com/product/yoast-seo-wordpress/ -->
<title>Badewanne für Hydrotherapie OCEAN FORTE -</title>
<meta name="robots" content="index, follow, max-snippet:-1, max-image-preview:large, max-video-preview:-1" />
<link rel="canonical" href="https://www.interhotel-central.cz/de/aktuelle-news/badewanne-fuer-hydrotherapie-ocean-forte/" />
<meta property="og:locale" content="de_DE" />
<meta property="og:type" content="article" />
<meta property="og:title" content="Badewanne für Hydrotherapie OCEAN FORTE -" />
<meta property="og:description" content="Interhotel Central hat eine neue Badewanne für Hydrotherapie OCEAN FORTE erworben. Neue Badewanne ermöglicht verschiedene [&hellip;]" />
<meta property="og:url" content="https://www.interhotel-central.cz/de/aktuelle-news/badewanne-fuer-hydrotherapie-ocean-forte/" />
<meta property="og:image" content="https://www.interhotel-central.cz/wp-content/uploads/sites/5/2019/02/interhotel-central-11-2.jpg" />
	<meta property="og:image:width" content="2200" />
	<meta property="og:image:height" content="1200" />
	<meta property="og:image:type" content="image/jpeg" />
<meta name="twitter:card" content="summary_large_image" />
<script type="application/ld+json" class="yoast-schema-graph">{"@context":"https://schema.org","@graph":[{"@type":"WebPage","@id":"https://www.interhotel-central.cz/de/aktuelle-news/badewanne-fuer-hydrotherapie-ocean-forte/","url":"https://www.interhotel-central.cz/de/aktuelle-news/badewanne-fuer-hydrotherapie-ocean-forte/","name":"Badewanne für Hydrotherapie OCEAN FORTE -","isPartOf":{"@id":"https://www.interhotel-central.cz/de/#website"},"primaryImageOfPage":{"@id":"https://www.interhotel-central.cz/de/aktuelle-news/badewanne-fuer-hydrotherapie-ocean-forte/#primaryimage"},"image":{"@id":"https://www.interhotel-central.cz/de/aktuelle-news/badewanne-fuer-hydrotherapie-ocean-forte/#primaryimage"},"thumbnailUrl":"https://www.interhotel-central.cz/wp-content/uploads/sites/5/2019/02/interhotel-central-11-2.jpg","datePublished":"2019-02-19T08:35:27+00:00","breadcrumb":{"@id":"https://www.interhotel-central.cz/de/aktuelle-news/badewanne-fuer-hydrotherapie-ocean-forte/#breadcrumb"},"inLanguage":"de-DE","potentialAction":[{"@type":"ReadAction","target":["https://www.interhotel-central.cz/de/aktuelle-news/badewanne-fuer-hydrotherapie-ocean-forte/"]}]},{"@type":"ImageObject","inLanguage":"de-DE","@id":"https://www.interhotel-central.cz/de/aktuelle-news/badewanne-fuer-hydrotherapie-ocean-forte/#primaryimage","url":"https://www.interhotel-central.cz/wp-content/uploads/sites/5/2019/02/interhotel-central-11-2.jpg","contentUrl":"https://www.interhotel-central.cz/wp-content/uploads/sites/5/2019/02/interhotel-central-11-2.jpg","width":2200,"height":1200},{"@type":"BreadcrumbList","@id":"https://www.interhotel-central.cz/de/aktuelle-news/badewanne-fuer-hydrotherapie-ocean-forte/#breadcrumb","itemListElement":[{"@type":"ListItem","position":1,"name":"Home","item":"https://www.interhotel-central.cz/de/"},{"@type":"ListItem","position":2,"name":"Aktuelle News","item":"https://www.interhotel-central.cz/de/aktuelle-news/"},{"@type":"ListItem","position":3,"name":"Badewanne für Hydrotherapie OCEAN FORTE"}]},{"@type":"WebSite","@id":"https://www.interhotel-central.cz/de/#website","url":"https://www.interhotel-central.cz/de/","name":"","description":"Just another ms.decms.eu site","potentialAction":[{"@type":"SearchAction","target":{"@type":"EntryPoint","urlTemplate":"https://www.interhotel-central.cz/de/?s={search_term_string}"},"query-input":{"@type":"PropertyValueSpecification","valueRequired":true,"valueName":"search_term_string"}}],"inLanguage":"de-DE"}]}</script>
<!-- / Yoast SEO plugin. -->

Badewanne für Hydrotherapie OCEAN FORTE -

Interhotel Central hat eine neue Badewanne für Hydrotherapie OCEAN FORTE erworben. Neue Badewanne ermöglicht verschiedene [&hellip;]
