{"id":146,"date":"2019-02-18T16:41:34","date_gmt":"2019-02-18T16:41:34","guid":{"rendered":"http:\/\/interhotelcentral.ms.decms.eu\/?page_id=146"},"modified":"2019-02-18T16:41:34","modified_gmt":"2019-02-18T16:41:34","slug":"double-standard","status":"publish","type":"page","link":"https:\/\/www.interhotel-central.cz\/de\/zimmer\/double-standard\/","title":{"rendered":"Double Standard"},"content":{"rendered":"<p>Diese komfortabel eingerichteten Zimmer sind zwischen 27 und 29 m2 gro\u00df. Die Zimmer befinden sich in verschiedenen Etagen, einige von Ihnen verf\u00fcgen \u00fcber einen Balkon. Die meisten Zimmer haben einen Blick auf das Zentrum der Kurzone mit dem Flu\u00df Tepla. F\u00fcr maximale Ruhe k\u00f6nnen Sie Zimmer mit dem Blick auf Hotelterrassen buchen.<\/p>\n","protected":false},"excerpt":{"rendered":"<p>Diese komfortabel eingerichteten Zimmer sind zwischen 27 und 29 m2 gro\u00df. Die Zimmer befinden sich [&hellip;]<\/p>\n","protected":false},"author":6,"featured_media":1014,"parent":143,"menu_order":23,"comment_status":"closed","ping_status":"closed","template":"template-single-room.php","meta":{"footnotes":""},"class_list":["post-146","page","type-page","status-publish","has-post-thumbnail","hentry"],"yoast_head":"<!-- This site is optimized with the Yoast SEO plugin v26.9 - https:\/\/yoast.com\/product\/yoast-seo-wordpress\/ -->\n<title>Double Standard -<\/title>\n<meta name=\"robots\" content=\"index, follow, max-snippet:-1, max-image-preview:large, max-video-preview:-1\" \/>\n<link rel=\"canonical\" href=\"https:\/\/www.interhotel-central.cz\/de\/zimmer\/double-standard\/\" \/>\n<meta property=\"og:locale\" content=\"de_DE\" \/>\n<meta property=\"og:type\" content=\"article\" \/>\n<meta property=\"og:title\" content=\"Double Standard -\" \/>\n<meta property=\"og:description\" content=\"Diese komfortabel eingerichteten Zimmer sind zwischen 27 und 29 m2 gro\u00df. Die Zimmer befinden sich [&hellip;]\" \/>\n<meta property=\"og:url\" content=\"https:\/\/www.interhotel-central.cz\/de\/zimmer\/double-standard\/\" \/>\n<meta property=\"og:image\" content=\"https:\/\/www.interhotel-central.cz\/wp-content\/uploads\/sites\/5\/2019\/02\/Double-Standard-1-1.jpg\" \/>\n\t<meta property=\"og:image:width\" content=\"2200\" \/>\n\t<meta property=\"og:image:height\" content=\"1200\" \/>\n\t<meta property=\"og:image:type\" content=\"image\/jpeg\" \/>\n<meta name=\"twitter:card\" content=\"summary_large_image\" \/>\n<script type=\"application\/ld+json\" class=\"yoast-schema-graph\">{\"@context\":\"https:\/\/schema.org\",\"@graph\":[{\"@type\":\"WebPage\",\"@id\":\"https:\/\/www.interhotel-central.cz\/de\/zimmer\/double-standard\/\",\"url\":\"https:\/\/www.interhotel-central.cz\/de\/zimmer\/double-standard\/\",\"name\":\"Double Standard -\",\"isPartOf\":{\"@id\":\"https:\/\/www.interhotel-central.cz\/de\/#website\"},\"primaryImageOfPage\":{\"@id\":\"https:\/\/www.interhotel-central.cz\/de\/zimmer\/double-standard\/#primaryimage\"},\"image\":{\"@id\":\"https:\/\/www.interhotel-central.cz\/de\/zimmer\/double-standard\/#primaryimage\"},\"thumbnailUrl\":\"https:\/\/www.interhotel-central.cz\/wp-content\/uploads\/sites\/5\/2019\/02\/Double-Standard-1-1.jpg\",\"datePublished\":\"2019-02-18T16:41:34+00:00\",\"breadcrumb\":{\"@id\":\"https:\/\/www.interhotel-central.cz\/de\/zimmer\/double-standard\/#breadcrumb\"},\"inLanguage\":\"de-DE\",\"potentialAction\":[{\"@type\":\"ReadAction\",\"target\":[\"https:\/\/www.interhotel-central.cz\/de\/zimmer\/double-standard\/\"]}]},{\"@type\":\"ImageObject\",\"inLanguage\":\"de-DE\",\"@id\":\"https:\/\/www.interhotel-central.cz\/de\/zimmer\/double-standard\/#primaryimage\",\"url\":\"https:\/\/www.interhotel-central.cz\/wp-content\/uploads\/sites\/5\/2019\/02\/Double-Standard-1-1.jpg\",\"contentUrl\":\"https:\/\/www.interhotel-central.cz\/wp-content\/uploads\/sites\/5\/2019\/02\/Double-Standard-1-1.jpg\",\"width\":2200,\"height\":1200},{\"@type\":\"BreadcrumbList\",\"@id\":\"https:\/\/www.interhotel-central.cz\/de\/zimmer\/double-standard\/#breadcrumb\",\"itemListElement\":[{\"@type\":\"ListItem\",\"position\":1,\"name\":\"Home\",\"item\":\"https:\/\/www.interhotel-central.cz\/de\/\"},{\"@type\":\"ListItem\",\"position\":2,\"name\":\"Zimmer\",\"item\":\"https:\/\/www.interhotel-central.cz\/de\/zimmer\/\"},{\"@type\":\"ListItem\",\"position\":3,\"name\":\"Double Standard\"}]},{\"@type\":\"WebSite\",\"@id\":\"https:\/\/www.interhotel-central.cz\/de\/#website\",\"url\":\"https:\/\/www.interhotel-central.cz\/de\/\",\"name\":\"\",\"description\":\"Just another ms.decms.eu site\",\"potentialAction\":[{\"@type\":\"SearchAction\",\"target\":{\"@type\":\"EntryPoint\",\"urlTemplate\":\"https:\/\/www.interhotel-central.cz\/de\/?s={search_term_string}\"},\"query-input\":{\"@type\":\"PropertyValueSpecification\",\"valueRequired\":true,\"valueName\":\"search_term_string\"}}],\"inLanguage\":\"de-DE\"}]}<\/script>\n<!-- \/ Yoast SEO plugin. -->","yoast_head_json":{"title":"Double Standard -","robots":{"index":"index","follow":"follow","max-snippet":"max-snippet:-1","max-image-preview":"max-image-preview:large","max-video-preview":"max-video-preview:-1"},"canonical":"https:\/\/www.interhotel-central.cz\/de\/zimmer\/double-standard\/","og_locale":"de_DE","og_type":"article","og_title":"Double Standard -","og_description":"Diese komfortabel eingerichteten Zimmer sind zwischen 27 und 29 m2 gro\u00df. Die Zimmer befinden sich [&hellip;]","og_url":"https:\/\/www.interhotel-central.cz\/de\/zimmer\/double-standard\/","og_image":[{"width":2200,"height":1200,"url":"https:\/\/www.interhotel-central.cz\/wp-content\/uploads\/sites\/5\/2019\/02\/Double-Standard-1-1.jpg","type":"image\/jpeg"}],"twitter_card":"summary_large_image","schema":{"@context":"https:\/\/schema.org","@graph":[{"@type":"WebPage","@id":"https:\/\/www.interhotel-central.cz\/de\/zimmer\/double-standard\/","url":"https:\/\/www.interhotel-central.cz\/de\/zimmer\/double-standard\/","name":"Double Standard -","isPartOf":{"@id":"https:\/\/www.interhotel-central.cz\/de\/#website"},"primaryImageOfPage":{"@id":"https:\/\/www.interhotel-central.cz\/de\/zimmer\/double-standard\/#primaryimage"},"image":{"@id":"https:\/\/www.interhotel-central.cz\/de\/zimmer\/double-standard\/#primaryimage"},"thumbnailUrl":"https:\/\/www.interhotel-central.cz\/wp-content\/uploads\/sites\/5\/2019\/02\/Double-Standard-1-1.jpg","datePublished":"2019-02-18T16:41:34+00:00","breadcrumb":{"@id":"https:\/\/www.interhotel-central.cz\/de\/zimmer\/double-standard\/#breadcrumb"},"inLanguage":"de-DE","potentialAction":[{"@type":"ReadAction","target":["https:\/\/www.interhotel-central.cz\/de\/zimmer\/double-standard\/"]}]},{"@type":"ImageObject","inLanguage":"de-DE","@id":"https:\/\/www.interhotel-central.cz\/de\/zimmer\/double-standard\/#primaryimage","url":"https:\/\/www.interhotel-central.cz\/wp-content\/uploads\/sites\/5\/2019\/02\/Double-Standard-1-1.jpg","contentUrl":"https:\/\/www.interhotel-central.cz\/wp-content\/uploads\/sites\/5\/2019\/02\/Double-Standard-1-1.jpg","width":2200,"height":1200},{"@type":"BreadcrumbList","@id":"https:\/\/www.interhotel-central.cz\/de\/zimmer\/double-standard\/#breadcrumb","itemListElement":[{"@type":"ListItem","position":1,"name":"Home","item":"https:\/\/www.interhotel-central.cz\/de\/"},{"@type":"ListItem","position":2,"name":"Zimmer","item":"https:\/\/www.interhotel-central.cz\/de\/zimmer\/"},{"@type":"ListItem","position":3,"name":"Double Standard"}]},{"@type":"WebSite","@id":"https:\/\/www.interhotel-central.cz\/de\/#website","url":"https:\/\/www.interhotel-central.cz\/de\/","name":"","description":"Just another ms.decms.eu site","potentialAction":[{"@type":"SearchAction","target":{"@type":"EntryPoint","urlTemplate":"https:\/\/www.interhotel-central.cz\/de\/?s={search_term_string}"},"query-input":{"@type":"PropertyValueSpecification","valueRequired":true,"valueName":"search_term_string"}}],"inLanguage":"de-DE"}]}},"acf":[],"_links":{"self":[{"href":"https:\/\/www.interhotel-central.cz\/de\/wp-json\/wp\/v2\/pages\/146","targetHints":{"allow":["GET"]}}],"collection":[{"href":"https:\/\/www.interhotel-central.cz\/de\/wp-json\/wp\/v2\/pages"}],"about":[{"href":"https:\/\/www.interhotel-central.cz\/de\/wp-json\/wp\/v2\/types\/page"}],"author":[{"embeddable":true,"href":"https:\/\/www.interhotel-central.cz\/de\/wp-json\/wp\/v2\/users\/6"}],"replies":[{"embeddable":true,"href":"https:\/\/www.interhotel-central.cz\/de\/wp-json\/wp\/v2\/comments?post=146"}],"version-history":[{"count":0,"href":"https:\/\/www.interhotel-central.cz\/de\/wp-json\/wp\/v2\/pages\/146\/revisions"}],"up":[{"embeddable":true,"href":"https:\/\/www.interhotel-central.cz\/de\/wp-json\/wp\/v2\/pages\/143"}],"wp:featuredmedia":[{"embeddable":true,"href":"https:\/\/www.interhotel-central.cz\/de\/wp-json\/wp\/v2\/media\/1014"}],"wp:attachment":[{"href":"https:\/\/www.interhotel-central.cz\/de\/wp-json\/wp\/v2\/media?parent=146"}],"curies":[{"name":"wp","href":"https:\/\/api.w.org\/{rel}","templated":true}]}}

<p>Diese komfortabel eingerichteten Zimmer sind zwischen 27 und 29 m2 groß. Die Zimmer befinden sich in verschiedenen Etagen, einige von Ihnen verfügen über einen Balkon. Die meisten Zimmer haben einen Blick auf das Zentrum der Kurzone mit dem Fluß Tepla. Für maximale Ruhe können Sie Zimmer mit dem Blick auf Hotelterrassen buchen.</p>

<p>Diese komfortabel eingerichteten Zimmer sind zwischen 27 und 29 m2 groß. Die Zimmer befinden sich [&hellip;]</p>

<!-- This site is optimized with the Yoast SEO plugin v26.9 - https://yoast.com/product/yoast-seo-wordpress/ -->
<title>Double Standard -</title>
<meta name="robots" content="index, follow, max-snippet:-1, max-image-preview:large, max-video-preview:-1" />
<link rel="canonical" href="https://www.interhotel-central.cz/de/zimmer/double-standard/" />
<meta property="og:locale" content="de_DE" />
<meta property="og:type" content="article" />
<meta property="og:title" content="Double Standard -" />
<meta property="og:description" content="Diese komfortabel eingerichteten Zimmer sind zwischen 27 und 29 m2 groß. Die Zimmer befinden sich [&hellip;]" />
<meta property="og:url" content="https://www.interhotel-central.cz/de/zimmer/double-standard/" />
<meta property="og:image" content="https://www.interhotel-central.cz/wp-content/uploads/sites/5/2019/02/Double-Standard-1-1.jpg" />
	<meta property="og:image:width" content="2200" />
	<meta property="og:image:height" content="1200" />
	<meta property="og:image:type" content="image/jpeg" />
<meta name="twitter:card" content="summary_large_image" />
<script type="application/ld+json" class="yoast-schema-graph">{"@context":"https://schema.org","@graph":[{"@type":"WebPage","@id":"https://www.interhotel-central.cz/de/zimmer/double-standard/","url":"https://www.interhotel-central.cz/de/zimmer/double-standard/","name":"Double Standard -","isPartOf":{"@id":"https://www.interhotel-central.cz/de/#website"},"primaryImageOfPage":{"@id":"https://www.interhotel-central.cz/de/zimmer/double-standard/#primaryimage"},"image":{"@id":"https://www.interhotel-central.cz/de/zimmer/double-standard/#primaryimage"},"thumbnailUrl":"https://www.interhotel-central.cz/wp-content/uploads/sites/5/2019/02/Double-Standard-1-1.jpg","datePublished":"2019-02-18T16:41:34+00:00","breadcrumb":{"@id":"https://www.interhotel-central.cz/de/zimmer/double-standard/#breadcrumb"},"inLanguage":"de-DE","potentialAction":[{"@type":"ReadAction","target":["https://www.interhotel-central.cz/de/zimmer/double-standard/"]}]},{"@type":"ImageObject","inLanguage":"de-DE","@id":"https://www.interhotel-central.cz/de/zimmer/double-standard/#primaryimage","url":"https://www.interhotel-central.cz/wp-content/uploads/sites/5/2019/02/Double-Standard-1-1.jpg","contentUrl":"https://www.interhotel-central.cz/wp-content/uploads/sites/5/2019/02/Double-Standard-1-1.jpg","width":2200,"height":1200},{"@type":"BreadcrumbList","@id":"https://www.interhotel-central.cz/de/zimmer/double-standard/#breadcrumb","itemListElement":[{"@type":"ListItem","position":1,"name":"Home","item":"https://www.interhotel-central.cz/de/"},{"@type":"ListItem","position":2,"name":"Zimmer","item":"https://www.interhotel-central.cz/de/zimmer/"},{"@type":"ListItem","position":3,"name":"Double Standard"}]},{"@type":"WebSite","@id":"https://www.interhotel-central.cz/de/#website","url":"https://www.interhotel-central.cz/de/","name":"","description":"Just another ms.decms.eu site","potentialAction":[{"@type":"SearchAction","target":{"@type":"EntryPoint","urlTemplate":"https://www.interhotel-central.cz/de/?s={search_term_string}"},"query-input":{"@type":"PropertyValueSpecification","valueRequired":true,"valueName":"search_term_string"}}],"inLanguage":"de-DE"}]}</script>
<!-- / Yoast SEO plugin. -->

Diese komfortabel eingerichteten Zimmer sind zwischen 27 und 29 m2 groß. Die Zimmer befinden sich [&hellip;]
