{"id":63,"date":"2019-02-18T14:51:30","date_gmt":"2019-02-18T14:51:30","guid":{"rendered":"http:\/\/interhotelcentral.ms.decms.eu\/?page_id=63"},"modified":"2022-12-22T10:53:11","modified_gmt":"2022-12-22T10:53:11","slug":"tr-therapy","status":"publish","type":"page","link":"https:\/\/www.interhotel-central.cz\/cs\/wellness-spa\/tr-therapy\/","title":{"rendered":"TR Terapie"},"content":{"rendered":"<p class=\"text-left\"><em><strong>Nej\u010dast\u011bj\u0161\u00ed aplikace:<\/strong><\/em><\/p>\n<p class=\"text-left\"><strong>Bolesti kr\u010dn\u00ed p\u00e1te\u0159e<\/strong>\u00a0&#8211; selektivn\u00ed radiofrekven\u010dn\u00ed terapie pom\u00e1h\u00e1 zm\u00edr\u0148ovat spou\u0161\u0165ov\u00e9 body a svalov\u00fd hypertonus, kter\u00e9 br\u00e1n\u00ed znovunabyt\u00ed pln\u00e9ho kloubn\u00edho pohybu. Terapie v kombinaci s pasivn\u00edm prota\u017een\u00edm zkr\u00e1cen\u00fdch struktur vede\u00a0 k \u00falev\u011b a okam\u017eit\u00e9mu roz\u0161\u00ed\u0159en\u00ed rozsahu pohybu v dan\u00e9m \u00faseku.<\/p>\n<p><strong>Epikondylitida &#8211;\u00a0<\/strong>kombinace selektivn\u00ed radiofrekven\u010dn\u00ed terapie a izometrick\u00e9 nebo izotonick\u00e9 svalov\u00e9 kontrakce koncentruje hypertermii do sta\u017een\u00fdch sval\u016f. Dod\u00e1van\u00e1 radiofrekven\u010dn\u00ed energie tato vl\u00e1kna uvol\u0148uje a vede k jejich op\u011btovn\u00e9mu za\u010dlen\u011bn\u00ed do svalov\u00e9 souhry.<strong><br \/>\n<\/strong><br \/>\n<strong>Syndrom zmrzl\u00e9ho ramene<\/strong>\u00a0&#8211; v kombinaci s technikami m\u011bkk\u00e9 tk\u00e1n\u011b se zv\u00fd\u0161\u00ed pr\u016ftoku krve, kter\u00fd p\u0159inese v\u011bt\u0161\u00ed mno\u017estv\u00ed \u017eivin, kysl\u00edku a obrann\u00fdch l\u00e1tek. Tato kombinace, kter\u00e1 se pou\u017e\u00edv\u00e1 u reflexivn\u011b zp\u016fsoben\u00e9 svalov\u00e9 hypertonie, vede k rychlej\u0161\u00edmu a snadn\u011bj\u0161\u00edmu odstran\u011bn\u00ed obt\u00ed\u017e\u00ed.<\/p>\n<p><strong>Distorze hlezenn\u00edho kloubu<\/strong>\u00a0&#8211; podvrtnut\u00ed kotn\u00edku pat\u0159\u00ed mezi nej\u010dast\u011bj\u0161\u00ed \u00farazy, se kter\u00fdmi pacient p\u0159ich\u00e1z\u00ed k l\u00e9ka\u0159i. Je jedn\u00edm z nejfrekventovan\u011bj\u0161\u00edch traumat mezi sportovci. Podvrtnut\u00edm kotn\u00edku se v u\u017e\u0161\u00edm slova smyslu m\u00edn\u00ed distorze kloubu hlezenn\u00edho. D\u00edky selektivn\u00ed radiofrekven\u010dn\u00ed terapii je rehabilitace rychlej\u0161\u00ed a \u00fa\u010dinn\u011bj\u0161\u00ed.<\/p>\n<p><strong>Bolesti bedern\u00ed p\u00e1te\u0159e<\/strong>\u00a0&#8211; bolesti zad pat\u0159\u00ed k deseti nej\u010dast\u011bj\u0161\u00edm p\u0159\u00ed\u010din\u00e1m n\u00e1v\u0161t\u011bvy l\u00e9ka\u0159e u dosp\u011bl\u00fdch. S bolestmi zad se n\u011bkdy setkalo a\u017e 80 % dosp\u011bl\u00e9 populace, a tak ji\u017e m\u016f\u017eeme hovo\u0159it v podstat\u011b o civiliza\u010dn\u00edm onemocn\u011bn\u00ed spojen\u00fdm s modern\u00edm zp\u016fsobem \u017eivota. Nejv\u00edce problematickou oblast\u00ed zad je bedern\u00ed p\u00e1te\u0159, jej\u00ed\u017e bolesti pramen\u00ed nej\u010dast\u011bji z nerovnov\u00e1\u017en\u00e9ho zat\u011b\u017eov\u00e1n\u00ed sval\u016f p\u00e1te\u0159e, kter\u00e9 jako celek slou\u017e\u00ed ke stabilizaci trupu.<\/p>\n<p class=\"text-left\"><strong>Gonalgie &#8211;\u00a0<\/strong>TR Terapie je velice \u00fa\u010dinn\u00e1 metoda p\u0159i odstra\u0148ov\u00e1n\u00ed bolesti v koleni. BTL-6000 TR-Therapy p\u0159en\u00e1\u0161\u00ed vysokofrekven\u010dn\u00ed elektromagnetickou energii t\u011blesnou tk\u00e1n\u00ed a vytv\u00e1\u0159\u00ed tak selektivn\u00ed tk\u00e1\u0148ovou hypertermii.<\/p>\n<p><strong>Uvoln\u011bn\u00ed stehenn\u00edho svalu\u00a0<\/strong>-pou\u017eit\u00ed selektivn\u00ed radiofrekven\u010dn\u00ed terapie v kombinaci s pasivn\u00edm prota\u017een\u00edm zkr\u00e1cen\u00fdch struktur vede k \u00falev\u011b a okam\u017eit\u00e9mu roz\u0161\u00ed\u0159en\u00ed rozsahu pohybu v dan\u00e9m \u00faseku.<\/p>\n<p class=\"text-center\"><strong>Cena terapie<\/strong>:<br \/>\n20 min. \u2013\u00a0\u00a0 800 CZK<br \/>\n30 min. \u2013 1000 CZK<br \/>\n45 min. \u2013 1400 CZK<\/p>\n","protected":false},"excerpt":{"rendered":"<p>Nej\u010dast\u011bj\u0161\u00ed aplikace: Bolesti kr\u010dn\u00ed p\u00e1te\u0159e\u00a0&#8211; selektivn\u00ed radiofrekven\u010dn\u00ed terapie pom\u00e1h\u00e1 zm\u00edr\u0148ovat spou\u0161\u0165ov\u00e9 body a svalov\u00fd hypertonus, [&hellip;]<\/p>\n","protected":false},"author":6,"featured_media":302,"parent":58,"menu_order":34,"comment_status":"closed","ping_status":"closed","template":"","meta":{"footnotes":""},"class_list":["post-63","page","type-page","status-publish","has-post-thumbnail","hentry"],"yoast_head":"<!-- This site is optimized with the Yoast SEO plugin v26.9 - https:\/\/yoast.com\/product\/yoast-seo-wordpress\/ -->\n<title>TR Terapie -<\/title>\n<meta name=\"robots\" content=\"index, follow, max-snippet:-1, max-image-preview:large, max-video-preview:-1\" \/>\n<link rel=\"canonical\" href=\"https:\/\/www.interhotel-central.cz\/cs\/wellness-spa\/tr-therapy\/\" \/>\n<meta property=\"og:locale\" content=\"cs_CZ\" \/>\n<meta property=\"og:type\" content=\"article\" \/>\n<meta property=\"og:title\" content=\"TR Terapie -\" \/>\n<meta property=\"og:description\" content=\"Nej\u010dast\u011bj\u0161\u00ed aplikace: Bolesti kr\u010dn\u00ed p\u00e1te\u0159e\u00a0&#8211; selektivn\u00ed radiofrekven\u010dn\u00ed terapie pom\u00e1h\u00e1 zm\u00edr\u0148ovat spou\u0161\u0165ov\u00e9 body a svalov\u00fd hypertonus, [&hellip;]\" \/>\n<meta property=\"og:url\" content=\"https:\/\/www.interhotel-central.cz\/cs\/wellness-spa\/tr-therapy\/\" \/>\n<meta property=\"article:modified_time\" content=\"2022-12-22T10:53:11+00:00\" \/>\n<meta property=\"og:image\" content=\"https:\/\/www.interhotel-central.cz\/wp-content\/uploads\/sites\/5\/2019\/02\/interhotel-central-14.jpg\" \/>\n\t<meta property=\"og:image:width\" content=\"2200\" \/>\n\t<meta property=\"og:image:height\" content=\"1200\" \/>\n\t<meta property=\"og:image:type\" content=\"image\/jpeg\" \/>\n<meta name=\"twitter:card\" content=\"summary_large_image\" \/>\n<meta name=\"twitter:label1\" content=\"Odhadovan\u00e1 doba \u010dten\u00ed\" \/>\n\t<meta name=\"twitter:data1\" content=\"2 minuty\" \/>\n<script type=\"application\/ld+json\" class=\"yoast-schema-graph\">{\"@context\":\"https:\/\/schema.org\",\"@graph\":[{\"@type\":\"WebPage\",\"@id\":\"https:\/\/www.interhotel-central.cz\/cs\/wellness-spa\/tr-therapy\/\",\"url\":\"https:\/\/www.interhotel-central.cz\/cs\/wellness-spa\/tr-therapy\/\",\"name\":\"TR Terapie -\",\"isPartOf\":{\"@id\":\"https:\/\/www.interhotel-central.cz\/cs\/#website\"},\"primaryImageOfPage\":{\"@id\":\"https:\/\/www.interhotel-central.cz\/cs\/wellness-spa\/tr-therapy\/#primaryimage\"},\"image\":{\"@id\":\"https:\/\/www.interhotel-central.cz\/cs\/wellness-spa\/tr-therapy\/#primaryimage\"},\"thumbnailUrl\":\"https:\/\/www.interhotel-central.cz\/wp-content\/uploads\/sites\/5\/2019\/02\/interhotel-central-14.jpg\",\"datePublished\":\"2019-02-18T14:51:30+00:00\",\"dateModified\":\"2022-12-22T10:53:11+00:00\",\"breadcrumb\":{\"@id\":\"https:\/\/www.interhotel-central.cz\/cs\/wellness-spa\/tr-therapy\/#breadcrumb\"},\"inLanguage\":\"cs\",\"potentialAction\":[{\"@type\":\"ReadAction\",\"target\":[\"https:\/\/www.interhotel-central.cz\/cs\/wellness-spa\/tr-therapy\/\"]}]},{\"@type\":\"ImageObject\",\"inLanguage\":\"cs\",\"@id\":\"https:\/\/www.interhotel-central.cz\/cs\/wellness-spa\/tr-therapy\/#primaryimage\",\"url\":\"https:\/\/www.interhotel-central.cz\/wp-content\/uploads\/sites\/5\/2019\/02\/interhotel-central-14.jpg\",\"contentUrl\":\"https:\/\/www.interhotel-central.cz\/wp-content\/uploads\/sites\/5\/2019\/02\/interhotel-central-14.jpg\",\"width\":2200,\"height\":1200},{\"@type\":\"BreadcrumbList\",\"@id\":\"https:\/\/www.interhotel-central.cz\/cs\/wellness-spa\/tr-therapy\/#breadcrumb\",\"itemListElement\":[{\"@type\":\"ListItem\",\"position\":1,\"name\":\"Home\",\"item\":\"https:\/\/www.interhotel-central.cz\/cs\/\"},{\"@type\":\"ListItem\",\"position\":2,\"name\":\"Spa &amp; Wellness\",\"item\":\"https:\/\/www.interhotel-central.cz\/cs\/wellness-spa\/\"},{\"@type\":\"ListItem\",\"position\":3,\"name\":\"TR Terapie\"}]},{\"@type\":\"WebSite\",\"@id\":\"https:\/\/www.interhotel-central.cz\/cs\/#website\",\"url\":\"https:\/\/www.interhotel-central.cz\/cs\/\",\"name\":\"\",\"description\":\"Just another ms.decms.eu site\",\"potentialAction\":[{\"@type\":\"SearchAction\",\"target\":{\"@type\":\"EntryPoint\",\"urlTemplate\":\"https:\/\/www.interhotel-central.cz\/cs\/?s={search_term_string}\"},\"query-input\":{\"@type\":\"PropertyValueSpecification\",\"valueRequired\":true,\"valueName\":\"search_term_string\"}}],\"inLanguage\":\"cs\"}]}<\/script>\n<!-- \/ Yoast SEO plugin. -->","yoast_head_json":{"title":"TR Terapie -","robots":{"index":"index","follow":"follow","max-snippet":"max-snippet:-1","max-image-preview":"max-image-preview:large","max-video-preview":"max-video-preview:-1"},"canonical":"https:\/\/www.interhotel-central.cz\/cs\/wellness-spa\/tr-therapy\/","og_locale":"cs_CZ","og_type":"article","og_title":"TR Terapie -","og_description":"Nej\u010dast\u011bj\u0161\u00ed aplikace: Bolesti kr\u010dn\u00ed p\u00e1te\u0159e\u00a0&#8211; selektivn\u00ed radiofrekven\u010dn\u00ed terapie pom\u00e1h\u00e1 zm\u00edr\u0148ovat spou\u0161\u0165ov\u00e9 body a svalov\u00fd hypertonus, [&hellip;]","og_url":"https:\/\/www.interhotel-central.cz\/cs\/wellness-spa\/tr-therapy\/","article_modified_time":"2022-12-22T10:53:11+00:00","og_image":[{"width":2200,"height":1200,"url":"https:\/\/www.interhotel-central.cz\/wp-content\/uploads\/sites\/5\/2019\/02\/interhotel-central-14.jpg","type":"image\/jpeg"}],"twitter_card":"summary_large_image","twitter_misc":{"Odhadovan\u00e1 doba \u010dten\u00ed":"2 minuty"},"schema":{"@context":"https:\/\/schema.org","@graph":[{"@type":"WebPage","@id":"https:\/\/www.interhotel-central.cz\/cs\/wellness-spa\/tr-therapy\/","url":"https:\/\/www.interhotel-central.cz\/cs\/wellness-spa\/tr-therapy\/","name":"TR Terapie -","isPartOf":{"@id":"https:\/\/www.interhotel-central.cz\/cs\/#website"},"primaryImageOfPage":{"@id":"https:\/\/www.interhotel-central.cz\/cs\/wellness-spa\/tr-therapy\/#primaryimage"},"image":{"@id":"https:\/\/www.interhotel-central.cz\/cs\/wellness-spa\/tr-therapy\/#primaryimage"},"thumbnailUrl":"https:\/\/www.interhotel-central.cz\/wp-content\/uploads\/sites\/5\/2019\/02\/interhotel-central-14.jpg","datePublished":"2019-02-18T14:51:30+00:00","dateModified":"2022-12-22T10:53:11+00:00","breadcrumb":{"@id":"https:\/\/www.interhotel-central.cz\/cs\/wellness-spa\/tr-therapy\/#breadcrumb"},"inLanguage":"cs","potentialAction":[{"@type":"ReadAction","target":["https:\/\/www.interhotel-central.cz\/cs\/wellness-spa\/tr-therapy\/"]}]},{"@type":"ImageObject","inLanguage":"cs","@id":"https:\/\/www.interhotel-central.cz\/cs\/wellness-spa\/tr-therapy\/#primaryimage","url":"https:\/\/www.interhotel-central.cz\/wp-content\/uploads\/sites\/5\/2019\/02\/interhotel-central-14.jpg","contentUrl":"https:\/\/www.interhotel-central.cz\/wp-content\/uploads\/sites\/5\/2019\/02\/interhotel-central-14.jpg","width":2200,"height":1200},{"@type":"BreadcrumbList","@id":"https:\/\/www.interhotel-central.cz\/cs\/wellness-spa\/tr-therapy\/#breadcrumb","itemListElement":[{"@type":"ListItem","position":1,"name":"Home","item":"https:\/\/www.interhotel-central.cz\/cs\/"},{"@type":"ListItem","position":2,"name":"Spa &amp; Wellness","item":"https:\/\/www.interhotel-central.cz\/cs\/wellness-spa\/"},{"@type":"ListItem","position":3,"name":"TR Terapie"}]},{"@type":"WebSite","@id":"https:\/\/www.interhotel-central.cz\/cs\/#website","url":"https:\/\/www.interhotel-central.cz\/cs\/","name":"","description":"Just another ms.decms.eu site","potentialAction":[{"@type":"SearchAction","target":{"@type":"EntryPoint","urlTemplate":"https:\/\/www.interhotel-central.cz\/cs\/?s={search_term_string}"},"query-input":{"@type":"PropertyValueSpecification","valueRequired":true,"valueName":"search_term_string"}}],"inLanguage":"cs"}]}},"acf":[],"_links":{"self":[{"href":"https:\/\/www.interhotel-central.cz\/cs\/wp-json\/wp\/v2\/pages\/63","targetHints":{"allow":["GET"]}}],"collection":[{"href":"https:\/\/www.interhotel-central.cz\/cs\/wp-json\/wp\/v2\/pages"}],"about":[{"href":"https:\/\/www.interhotel-central.cz\/cs\/wp-json\/wp\/v2\/types\/page"}],"author":[{"embeddable":true,"href":"https:\/\/www.interhotel-central.cz\/cs\/wp-json\/wp\/v2\/users\/6"}],"replies":[{"embeddable":true,"href":"https:\/\/www.interhotel-central.cz\/cs\/wp-json\/wp\/v2\/comments?post=63"}],"version-history":[{"count":0,"href":"https:\/\/www.interhotel-central.cz\/cs\/wp-json\/wp\/v2\/pages\/63\/revisions"}],"up":[{"embeddable":true,"href":"https:\/\/www.interhotel-central.cz\/cs\/wp-json\/wp\/v2\/pages\/58"}],"wp:featuredmedia":[{"embeddable":true,"href":"https:\/\/www.interhotel-central.cz\/cs\/wp-json\/wp\/v2\/media\/302"}],"wp:attachment":[{"href":"https:\/\/www.interhotel-central.cz\/cs\/wp-json\/wp\/v2\/media?parent=63"}],"curies":[{"name":"wp","href":"https:\/\/api.w.org\/{rel}","templated":true}]}}

<p class="text-left"><em><strong>Nejčastější aplikace:</strong></em></p>
<p class="text-left"><strong>Bolesti krční páteře</strong> &#8211; selektivní radiofrekvenční terapie pomáhá zmírňovat spoušťové body a svalový hypertonus, které brání znovunabytí plného kloubního pohybu. Terapie v kombinaci s pasivním protažením zkrácených struktur vede  k úlevě a okamžitému rozšíření rozsahu pohybu v daném úseku.</p>
<p><strong>Epikondylitida &#8211; </strong>kombinace selektivní radiofrekvenční terapie a izometrické nebo izotonické svalové kontrakce koncentruje hypertermii do stažených svalů. Dodávaná radiofrekvenční energie tato vlákna uvolňuje a vede k jejich opětovnému začlenění do svalové souhry.<strong><br />
</strong><br />
<strong>Syndrom zmrzlého ramene</strong> &#8211; v kombinaci s technikami měkké tkáně se zvýší průtoku krve, který přinese větší množství živin, kyslíku a obranných látek. Tato kombinace, která se používá u reflexivně způsobené svalové hypertonie, vede k rychlejšímu a snadnějšímu odstranění obtíží.</p>
<p><strong>Distorze hlezenního kloubu</strong> &#8211; podvrtnutí kotníku patří mezi nejčastější úrazy, se kterými pacient přichází k lékaři. Je jedním z nejfrekventovanějších traumat mezi sportovci. Podvrtnutím kotníku se v užším slova smyslu míní distorze kloubu hlezenního. Díky selektivní radiofrekvenční terapii je rehabilitace rychlejší a účinnější.</p>
<p><strong>Bolesti bederní páteře</strong> &#8211; bolesti zad patří k deseti nejčastějším příčinám návštěvy lékaře u dospělých. S bolestmi zad se někdy setkalo až 80 % dospělé populace, a tak již můžeme hovořit v podstatě o civilizačním onemocnění spojeným s moderním způsobem života. Nejvíce problematickou oblastí zad je bederní páteř, jejíž bolesti pramení nejčastěji z nerovnovážného zatěžování svalů páteře, které jako celek slouží ke stabilizaci trupu.</p>
<p class="text-left"><strong>Gonalgie &#8211; </strong>TR Terapie je velice účinná metoda při odstraňování bolesti v koleni. BTL-6000 TR-Therapy přenáší vysokofrekvenční elektromagnetickou energii tělesnou tkání a vytváří tak selektivní tkáňovou hypertermii.</p>
<p><strong>Uvolnění stehenního svalu </strong>-použití selektivní radiofrekvenční terapie v kombinaci s pasivním protažením zkrácených struktur vede k úlevě a okamžitému rozšíření rozsahu pohybu v daném úseku.</p>
<p class="text-center"><strong>Cena terapie</strong>:<br />
20 min. –   800 CZK<br />
30 min. – 1000 CZK<br />
45 min. – 1400 CZK</p>

<p>Nejčastější aplikace: Bolesti krční páteře &#8211; selektivní radiofrekvenční terapie pomáhá zmírňovat spoušťové body a svalový hypertonus, [&hellip;]</p>

<!-- This site is optimized with the Yoast SEO plugin v26.9 - https://yoast.com/product/yoast-seo-wordpress/ -->
<title>TR Terapie -</title>
<meta name="robots" content="index, follow, max-snippet:-1, max-image-preview:large, max-video-preview:-1" />
<link rel="canonical" href="https://www.interhotel-central.cz/cs/wellness-spa/tr-therapy/" />
<meta property="og:locale" content="cs_CZ" />
<meta property="og:type" content="article" />
<meta property="og:title" content="TR Terapie -" />
<meta property="og:description" content="Nejčastější aplikace: Bolesti krční páteře &#8211; selektivní radiofrekvenční terapie pomáhá zmírňovat spoušťové body a svalový hypertonus, [&hellip;]" />
<meta property="og:url" content="https://www.interhotel-central.cz/cs/wellness-spa/tr-therapy/" />
<meta property="article:modified_time" content="2022-12-22T10:53:11+00:00" />
<meta property="og:image" content="https://www.interhotel-central.cz/wp-content/uploads/sites/5/2019/02/interhotel-central-14.jpg" />
	<meta property="og:image:width" content="2200" />
	<meta property="og:image:height" content="1200" />
	<meta property="og:image:type" content="image/jpeg" />
<meta name="twitter:card" content="summary_large_image" />
<meta name="twitter:label1" content="Odhadovaná doba čtení" />
	<meta name="twitter:data1" content="2 minuty" />
<script type="application/ld+json" class="yoast-schema-graph">{"@context":"https://schema.org","@graph":[{"@type":"WebPage","@id":"https://www.interhotel-central.cz/cs/wellness-spa/tr-therapy/","url":"https://www.interhotel-central.cz/cs/wellness-spa/tr-therapy/","name":"TR Terapie -","isPartOf":{"@id":"https://www.interhotel-central.cz/cs/#website"},"primaryImageOfPage":{"@id":"https://www.interhotel-central.cz/cs/wellness-spa/tr-therapy/#primaryimage"},"image":{"@id":"https://www.interhotel-central.cz/cs/wellness-spa/tr-therapy/#primaryimage"},"thumbnailUrl":"https://www.interhotel-central.cz/wp-content/uploads/sites/5/2019/02/interhotel-central-14.jpg","datePublished":"2019-02-18T14:51:30+00:00","dateModified":"2022-12-22T10:53:11+00:00","breadcrumb":{"@id":"https://www.interhotel-central.cz/cs/wellness-spa/tr-therapy/#breadcrumb"},"inLanguage":"cs","potentialAction":[{"@type":"ReadAction","target":["https://www.interhotel-central.cz/cs/wellness-spa/tr-therapy/"]}]},{"@type":"ImageObject","inLanguage":"cs","@id":"https://www.interhotel-central.cz/cs/wellness-spa/tr-therapy/#primaryimage","url":"https://www.interhotel-central.cz/wp-content/uploads/sites/5/2019/02/interhotel-central-14.jpg","contentUrl":"https://www.interhotel-central.cz/wp-content/uploads/sites/5/2019/02/interhotel-central-14.jpg","width":2200,"height":1200},{"@type":"BreadcrumbList","@id":"https://www.interhotel-central.cz/cs/wellness-spa/tr-therapy/#breadcrumb","itemListElement":[{"@type":"ListItem","position":1,"name":"Home","item":"https://www.interhotel-central.cz/cs/"},{"@type":"ListItem","position":2,"name":"Spa &amp; Wellness","item":"https://www.interhotel-central.cz/cs/wellness-spa/"},{"@type":"ListItem","position":3,"name":"TR Terapie"}]},{"@type":"WebSite","@id":"https://www.interhotel-central.cz/cs/#website","url":"https://www.interhotel-central.cz/cs/","name":"","description":"Just another ms.decms.eu site","potentialAction":[{"@type":"SearchAction","target":{"@type":"EntryPoint","urlTemplate":"https://www.interhotel-central.cz/cs/?s={search_term_string}"},"query-input":{"@type":"PropertyValueSpecification","valueRequired":true,"valueName":"search_term_string"}}],"inLanguage":"cs"}]}</script>
<!-- / Yoast SEO plugin. -->

Nejčastější aplikace: Bolesti krční páteře &#8211; selektivní radiofrekvenční terapie pomáhá zmírňovat spoušťové body a svalový hypertonus, [&hellip;]
