{"id":50,"date":"2019-02-18T14:43:41","date_gmt":"2019-02-18T14:43:41","guid":{"rendered":"http:\/\/interhotelcentral.ms.decms.eu\/?page_id=50"},"modified":"2025-12-16T07:58:15","modified_gmt":"2025-12-16T07:58:15","slug":"pokoje","status":"publish","type":"page","link":"https:\/\/www.interhotel-central.cz\/cs\/pokoje\/","title":{"rendered":"Pokoje"},"content":{"rendered":"<p>Z oken hotelu se otev\u00edr\u00e1 fantastick\u00fd panoramatick\u00fd v\u00fdhled na \u0159eku Tepl\u00e1 a impozantn\u00ed historickou architekturu 19. stolet\u00ed. Exkluzivn\u00ed v\u00fdhled V\u00e1m nab\u00eddnou pokoje kategorie Single de Luxe, Double Standard, Double de Luxe, Suite de Luxe a Suite Premier. Pro maxim\u00e1ln\u00ed klid a neru\u0161en\u00fd sp\u00e1nek si m\u016f\u017eete rezervovat pokoje s v\u00fdhledem na hotelov\u00e9 terasy.<\/p>\n<p><span class=\"HwtZe\" lang=\"cs\"><span class=\"jCAhz ChMk0b\"><span class=\"ryNqvb\">Pokoje jsou pln\u011b vybaveny pro pohodln\u00e9 ubytov\u00e1n\u00ed.<\/span><\/span> V na\u0161ich pokoj\u00edch je <span class=\"jCAhz ChMk0b\"><span class=\"ryNqvb\">dle kategorie k dispozici: minibar, LCD TV se satelitn\u00edm sign\u00e1lem, trezor, telefon, wi-fi p\u0159ipojen\u00ed k internetu, vysou\u0161e\u010d vlas\u016f, kosmetick\u00e9 zrc\u00e1tko, sprcha nebo vana, bidet, \u0161atna, \u017eupan a pantofle, de\u0161tn\u00edk.<\/span><\/span><\/span><\/p>\n","protected":false},"excerpt":{"rendered":"<p>Z oken hotelu se otev\u00edr\u00e1 fantastick\u00fd panoramatick\u00fd v\u00fdhled na \u0159eku Tepl\u00e1 a impozantn\u00ed historickou architekturu [&hellip;]<\/p>\n","protected":false},"author":6,"featured_media":272,"parent":0,"menu_order":20,"comment_status":"closed","ping_status":"closed","template":"template-rooms.php","meta":{"footnotes":""},"class_list":["post-50","page","type-page","status-publish","has-post-thumbnail","hentry"],"yoast_head":"<!-- This site is optimized with the Yoast SEO plugin v26.9 - https:\/\/yoast.com\/product\/yoast-seo-wordpress\/ -->\n<title>Pokoje -<\/title>\n<meta name=\"robots\" content=\"index, follow, max-snippet:-1, max-image-preview:large, max-video-preview:-1\" \/>\n<link rel=\"canonical\" href=\"https:\/\/www.interhotel-central.cz\/cs\/pokoje\/\" \/>\n<meta property=\"og:locale\" content=\"cs_CZ\" \/>\n<meta property=\"og:type\" content=\"article\" \/>\n<meta property=\"og:title\" content=\"Pokoje -\" \/>\n<meta property=\"og:description\" content=\"Z oken hotelu se otev\u00edr\u00e1 fantastick\u00fd panoramatick\u00fd v\u00fdhled na \u0159eku Tepl\u00e1 a impozantn\u00ed historickou architekturu [&hellip;]\" \/>\n<meta property=\"og:url\" content=\"https:\/\/www.interhotel-central.cz\/cs\/pokoje\/\" \/>\n<meta property=\"article:modified_time\" content=\"2025-12-16T07:58:15+00:00\" \/>\n<meta property=\"og:image\" content=\"https:\/\/www.interhotel-central.cz\/wp-content\/uploads\/sites\/5\/2019\/02\/Interhotel-central-14.jpg\" \/>\n\t<meta property=\"og:image:width\" content=\"2200\" \/>\n\t<meta property=\"og:image:height\" content=\"1200\" \/>\n\t<meta property=\"og:image:type\" content=\"image\/jpeg\" \/>\n<meta name=\"twitter:card\" content=\"summary_large_image\" \/>\n<meta name=\"twitter:label1\" content=\"Odhadovan\u00e1 doba \u010dten\u00ed\" \/>\n\t<meta name=\"twitter:data1\" content=\"1 minuta\" \/>\n<script type=\"application\/ld+json\" class=\"yoast-schema-graph\">{\"@context\":\"https:\/\/schema.org\",\"@graph\":[{\"@type\":\"WebPage\",\"@id\":\"https:\/\/www.interhotel-central.cz\/cs\/pokoje\/\",\"url\":\"https:\/\/www.interhotel-central.cz\/cs\/pokoje\/\",\"name\":\"Pokoje -\",\"isPartOf\":{\"@id\":\"https:\/\/www.interhotel-central.cz\/cs\/#website\"},\"primaryImageOfPage\":{\"@id\":\"https:\/\/www.interhotel-central.cz\/cs\/pokoje\/#primaryimage\"},\"image\":{\"@id\":\"https:\/\/www.interhotel-central.cz\/cs\/pokoje\/#primaryimage\"},\"thumbnailUrl\":\"https:\/\/www.interhotel-central.cz\/wp-content\/uploads\/sites\/5\/2019\/02\/Interhotel-central-14.jpg\",\"datePublished\":\"2019-02-18T14:43:41+00:00\",\"dateModified\":\"2025-12-16T07:58:15+00:00\",\"breadcrumb\":{\"@id\":\"https:\/\/www.interhotel-central.cz\/cs\/pokoje\/#breadcrumb\"},\"inLanguage\":\"cs\",\"potentialAction\":[{\"@type\":\"ReadAction\",\"target\":[\"https:\/\/www.interhotel-central.cz\/cs\/pokoje\/\"]}]},{\"@type\":\"ImageObject\",\"inLanguage\":\"cs\",\"@id\":\"https:\/\/www.interhotel-central.cz\/cs\/pokoje\/#primaryimage\",\"url\":\"https:\/\/www.interhotel-central.cz\/wp-content\/uploads\/sites\/5\/2019\/02\/Interhotel-central-14.jpg\",\"contentUrl\":\"https:\/\/www.interhotel-central.cz\/wp-content\/uploads\/sites\/5\/2019\/02\/Interhotel-central-14.jpg\",\"width\":2200,\"height\":1200},{\"@type\":\"BreadcrumbList\",\"@id\":\"https:\/\/www.interhotel-central.cz\/cs\/pokoje\/#breadcrumb\",\"itemListElement\":[{\"@type\":\"ListItem\",\"position\":1,\"name\":\"Home\",\"item\":\"https:\/\/www.interhotel-central.cz\/cs\/\"},{\"@type\":\"ListItem\",\"position\":2,\"name\":\"Pokoje\"}]},{\"@type\":\"WebSite\",\"@id\":\"https:\/\/www.interhotel-central.cz\/cs\/#website\",\"url\":\"https:\/\/www.interhotel-central.cz\/cs\/\",\"name\":\"\",\"description\":\"Just another ms.decms.eu site\",\"potentialAction\":[{\"@type\":\"SearchAction\",\"target\":{\"@type\":\"EntryPoint\",\"urlTemplate\":\"https:\/\/www.interhotel-central.cz\/cs\/?s={search_term_string}\"},\"query-input\":{\"@type\":\"PropertyValueSpecification\",\"valueRequired\":true,\"valueName\":\"search_term_string\"}}],\"inLanguage\":\"cs\"}]}<\/script>\n<!-- \/ Yoast SEO plugin. -->","yoast_head_json":{"title":"Pokoje -","robots":{"index":"index","follow":"follow","max-snippet":"max-snippet:-1","max-image-preview":"max-image-preview:large","max-video-preview":"max-video-preview:-1"},"canonical":"https:\/\/www.interhotel-central.cz\/cs\/pokoje\/","og_locale":"cs_CZ","og_type":"article","og_title":"Pokoje -","og_description":"Z oken hotelu se otev\u00edr\u00e1 fantastick\u00fd panoramatick\u00fd v\u00fdhled na \u0159eku Tepl\u00e1 a impozantn\u00ed historickou architekturu [&hellip;]","og_url":"https:\/\/www.interhotel-central.cz\/cs\/pokoje\/","article_modified_time":"2025-12-16T07:58:15+00:00","og_image":[{"width":2200,"height":1200,"url":"https:\/\/www.interhotel-central.cz\/wp-content\/uploads\/sites\/5\/2019\/02\/Interhotel-central-14.jpg","type":"image\/jpeg"}],"twitter_card":"summary_large_image","twitter_misc":{"Odhadovan\u00e1 doba \u010dten\u00ed":"1 minuta"},"schema":{"@context":"https:\/\/schema.org","@graph":[{"@type":"WebPage","@id":"https:\/\/www.interhotel-central.cz\/cs\/pokoje\/","url":"https:\/\/www.interhotel-central.cz\/cs\/pokoje\/","name":"Pokoje -","isPartOf":{"@id":"https:\/\/www.interhotel-central.cz\/cs\/#website"},"primaryImageOfPage":{"@id":"https:\/\/www.interhotel-central.cz\/cs\/pokoje\/#primaryimage"},"image":{"@id":"https:\/\/www.interhotel-central.cz\/cs\/pokoje\/#primaryimage"},"thumbnailUrl":"https:\/\/www.interhotel-central.cz\/wp-content\/uploads\/sites\/5\/2019\/02\/Interhotel-central-14.jpg","datePublished":"2019-02-18T14:43:41+00:00","dateModified":"2025-12-16T07:58:15+00:00","breadcrumb":{"@id":"https:\/\/www.interhotel-central.cz\/cs\/pokoje\/#breadcrumb"},"inLanguage":"cs","potentialAction":[{"@type":"ReadAction","target":["https:\/\/www.interhotel-central.cz\/cs\/pokoje\/"]}]},{"@type":"ImageObject","inLanguage":"cs","@id":"https:\/\/www.interhotel-central.cz\/cs\/pokoje\/#primaryimage","url":"https:\/\/www.interhotel-central.cz\/wp-content\/uploads\/sites\/5\/2019\/02\/Interhotel-central-14.jpg","contentUrl":"https:\/\/www.interhotel-central.cz\/wp-content\/uploads\/sites\/5\/2019\/02\/Interhotel-central-14.jpg","width":2200,"height":1200},{"@type":"BreadcrumbList","@id":"https:\/\/www.interhotel-central.cz\/cs\/pokoje\/#breadcrumb","itemListElement":[{"@type":"ListItem","position":1,"name":"Home","item":"https:\/\/www.interhotel-central.cz\/cs\/"},{"@type":"ListItem","position":2,"name":"Pokoje"}]},{"@type":"WebSite","@id":"https:\/\/www.interhotel-central.cz\/cs\/#website","url":"https:\/\/www.interhotel-central.cz\/cs\/","name":"","description":"Just another ms.decms.eu site","potentialAction":[{"@type":"SearchAction","target":{"@type":"EntryPoint","urlTemplate":"https:\/\/www.interhotel-central.cz\/cs\/?s={search_term_string}"},"query-input":{"@type":"PropertyValueSpecification","valueRequired":true,"valueName":"search_term_string"}}],"inLanguage":"cs"}]}},"acf":[],"_links":{"self":[{"href":"https:\/\/www.interhotel-central.cz\/cs\/wp-json\/wp\/v2\/pages\/50","targetHints":{"allow":["GET"]}}],"collection":[{"href":"https:\/\/www.interhotel-central.cz\/cs\/wp-json\/wp\/v2\/pages"}],"about":[{"href":"https:\/\/www.interhotel-central.cz\/cs\/wp-json\/wp\/v2\/types\/page"}],"author":[{"embeddable":true,"href":"https:\/\/www.interhotel-central.cz\/cs\/wp-json\/wp\/v2\/users\/6"}],"replies":[{"embeddable":true,"href":"https:\/\/www.interhotel-central.cz\/cs\/wp-json\/wp\/v2\/comments?post=50"}],"version-history":[{"count":0,"href":"https:\/\/www.interhotel-central.cz\/cs\/wp-json\/wp\/v2\/pages\/50\/revisions"}],"wp:featuredmedia":[{"embeddable":true,"href":"https:\/\/www.interhotel-central.cz\/cs\/wp-json\/wp\/v2\/media\/272"}],"wp:attachment":[{"href":"https:\/\/www.interhotel-central.cz\/cs\/wp-json\/wp\/v2\/media?parent=50"}],"curies":[{"name":"wp","href":"https:\/\/api.w.org\/{rel}","templated":true}]}}

<p>Z oken hotelu se otevírá fantastický panoramatický výhled na řeku Teplá a impozantní historickou architekturu 19. století. Exkluzivní výhled Vám nabídnou pokoje kategorie Single de Luxe, Double Standard, Double de Luxe, Suite de Luxe a Suite Premier. Pro maximální klid a nerušený spánek si můžete rezervovat pokoje s výhledem na hotelové terasy.</p>
<p><span class="HwtZe" lang="cs"><span class="jCAhz ChMk0b"><span class="ryNqvb">Pokoje jsou plně vybaveny pro pohodlné ubytování.</span></span> V našich pokojích je <span class="jCAhz ChMk0b"><span class="ryNqvb">dle kategorie k dispozici: minibar, LCD TV se satelitním signálem, trezor, telefon, wi-fi připojení k internetu, vysoušeč vlasů, kosmetické zrcátko, sprcha nebo vana, bidet, šatna, župan a pantofle, deštník.</span></span></span></p>

<p>Z oken hotelu se otevírá fantastický panoramatický výhled na řeku Teplá a impozantní historickou architekturu [&hellip;]</p>

<!-- This site is optimized with the Yoast SEO plugin v26.9 - https://yoast.com/product/yoast-seo-wordpress/ -->
<title>Pokoje -</title>
<meta name="robots" content="index, follow, max-snippet:-1, max-image-preview:large, max-video-preview:-1" />
<link rel="canonical" href="https://www.interhotel-central.cz/cs/pokoje/" />
<meta property="og:locale" content="cs_CZ" />
<meta property="og:type" content="article" />
<meta property="og:title" content="Pokoje -" />
<meta property="og:description" content="Z oken hotelu se otevírá fantastický panoramatický výhled na řeku Teplá a impozantní historickou architekturu [&hellip;]" />
<meta property="og:url" content="https://www.interhotel-central.cz/cs/pokoje/" />
<meta property="article:modified_time" content="2025-12-16T07:58:15+00:00" />
<meta property="og:image" content="https://www.interhotel-central.cz/wp-content/uploads/sites/5/2019/02/Interhotel-central-14.jpg" />
	<meta property="og:image:width" content="2200" />
	<meta property="og:image:height" content="1200" />
	<meta property="og:image:type" content="image/jpeg" />
<meta name="twitter:card" content="summary_large_image" />
<meta name="twitter:label1" content="Odhadovaná doba čtení" />
	<meta name="twitter:data1" content="1 minuta" />
<script type="application/ld+json" class="yoast-schema-graph">{"@context":"https://schema.org","@graph":[{"@type":"WebPage","@id":"https://www.interhotel-central.cz/cs/pokoje/","url":"https://www.interhotel-central.cz/cs/pokoje/","name":"Pokoje -","isPartOf":{"@id":"https://www.interhotel-central.cz/cs/#website"},"primaryImageOfPage":{"@id":"https://www.interhotel-central.cz/cs/pokoje/#primaryimage"},"image":{"@id":"https://www.interhotel-central.cz/cs/pokoje/#primaryimage"},"thumbnailUrl":"https://www.interhotel-central.cz/wp-content/uploads/sites/5/2019/02/Interhotel-central-14.jpg","datePublished":"2019-02-18T14:43:41+00:00","dateModified":"2025-12-16T07:58:15+00:00","breadcrumb":{"@id":"https://www.interhotel-central.cz/cs/pokoje/#breadcrumb"},"inLanguage":"cs","potentialAction":[{"@type":"ReadAction","target":["https://www.interhotel-central.cz/cs/pokoje/"]}]},{"@type":"ImageObject","inLanguage":"cs","@id":"https://www.interhotel-central.cz/cs/pokoje/#primaryimage","url":"https://www.interhotel-central.cz/wp-content/uploads/sites/5/2019/02/Interhotel-central-14.jpg","contentUrl":"https://www.interhotel-central.cz/wp-content/uploads/sites/5/2019/02/Interhotel-central-14.jpg","width":2200,"height":1200},{"@type":"BreadcrumbList","@id":"https://www.interhotel-central.cz/cs/pokoje/#breadcrumb","itemListElement":[{"@type":"ListItem","position":1,"name":"Home","item":"https://www.interhotel-central.cz/cs/"},{"@type":"ListItem","position":2,"name":"Pokoje"}]},{"@type":"WebSite","@id":"https://www.interhotel-central.cz/cs/#website","url":"https://www.interhotel-central.cz/cs/","name":"","description":"Just another ms.decms.eu site","potentialAction":[{"@type":"SearchAction","target":{"@type":"EntryPoint","urlTemplate":"https://www.interhotel-central.cz/cs/?s={search_term_string}"},"query-input":{"@type":"PropertyValueSpecification","valueRequired":true,"valueName":"search_term_string"}}],"inLanguage":"cs"}]}</script>
<!-- / Yoast SEO plugin. -->

Z oken hotelu se otevírá fantastický panoramatický výhled na řeku Teplá a impozantní historickou architekturu [&hellip;]
