{"id":1428,"date":"2025-09-19T09:48:23","date_gmt":"2025-09-19T09:48:23","guid":{"rendered":"https:\/\/www.interhotel-central.cz\/?page_id=1428"},"modified":"2025-12-16T07:56:40","modified_gmt":"2025-12-16T07:56:40","slug":"wellness-balicek","status":"publish","type":"page","link":"https:\/\/www.interhotel-central.cz\/cs\/wellness-balicek\/","title":{"rendered":"Wellness Bal\u00ed\u010dek (2-4 noci)"},"content":{"rendered":"<p><strong>WELLNESS BAL\u00cd\u010cEK (2-4 noci)<\/strong><br \/>\nHBT<br \/>\n(Sn\u00eddan\u011b a ve\u010de\u0159e)<br \/>\nBal\u00ed\u010dek s ubytov\u00e1n\u00edm, polopenz\u00ed a procedurami<\/p>\n<p>Bal\u00ed\u010dek zahrnuje:<\/p>\n<p>\u2022 <strong>2 procedury denn\u011b<\/strong> \/ seznam nab\u00edzen\u00fdch procedur: Hydrojet, klasick\u00e1 mas\u00e1\u017e \u2013 20 minut, paraf\u00ednov\u00fd z\u00e1bal na ruce, koupele, inhalace, oxygenoterapie, irigace d\u00e1sn\u00ed<br \/>\n\u2022 Welcome drink (Becherovka\/ v\u00edno\/prosecco) v restauraci<br \/>\n\u2022 Polopenze (sn\u00eddan\u011b a ve\u010de\u0159e)<br \/>\n\u2022 Baz\u00e9n s protiproudem<br \/>\n\u2022 V\u00ed\u0159ivka<\/p>\n<p>\u2022 1x vstup do priv\u00e1tn\u00ed sauny (60 minut) &#8211; rezervace p\u0159edem<br \/>\n\u2022 Fitness<br \/>\n\u2022 Kule\u010dn\u00edk<br \/>\n\u2022 Stoln\u00ed tenis<br \/>\n\u2022 Parkov\u00e1n\u00ed\u00a0 za p\u0159\u00edplatek<br \/>\nCena bal\u00ed\u010dku je ned\u011bliteln\u00e1 a nevratn\u00e1.<\/p>\n<!-- \"File Gallery\" plugin says: - No attachments found for the following shortcode arguments: \"{\"link\":\"post\"}\" -->\n<p><img loading=\"lazy\" decoding=\"async\" class=\"alignnone size-medium wp-image-1232\" src=\"https:\/\/www.interhotel-central.cz\/wp-content\/uploads\/sites\/5\/2019\/03\/interhotel-central-35-300x164.jpg\" alt=\"\" width=\"300\" height=\"164\" srcset=\"https:\/\/www.interhotel-central.cz\/wp-content\/uploads\/sites\/5\/2019\/03\/interhotel-central-35-300x164.jpg 300w, https:\/\/www.interhotel-central.cz\/wp-content\/uploads\/sites\/5\/2019\/03\/interhotel-central-35-768x419.jpg 768w, https:\/\/www.interhotel-central.cz\/wp-content\/uploads\/sites\/5\/2019\/03\/interhotel-central-35-1024x559.jpg 1024w, https:\/\/www.interhotel-central.cz\/wp-content\/uploads\/sites\/5\/2019\/03\/interhotel-central-35-1200x654.jpg 1200w, https:\/\/www.interhotel-central.cz\/wp-content\/uploads\/sites\/5\/2019\/03\/interhotel-central-35-992x541.jpg 992w\" sizes=\"auto, (max-width: 300px) 100vw, 300px\" \/><\/p>\n","protected":false},"excerpt":{"rendered":"<p>WELLNESS BAL\u00cd\u010cEK (2-4 noci) HBT (Sn\u00eddan\u011b a ve\u010de\u0159e) Bal\u00ed\u010dek s ubytov\u00e1n\u00edm, polopenz\u00ed a procedurami Bal\u00ed\u010dek [&hellip;]<\/p>\n","protected":false},"author":532,"featured_media":0,"parent":0,"menu_order":0,"comment_status":"closed","ping_status":"closed","template":"","meta":{"footnotes":""},"class_list":["post-1428","page","type-page","status-publish","hentry"],"yoast_head":"<!-- This site is optimized with the Yoast SEO plugin v26.9 - https:\/\/yoast.com\/product\/yoast-seo-wordpress\/ -->\n<title>Wellness Bal\u00ed\u010dek (2-4 noci) -<\/title>\n<meta name=\"robots\" content=\"index, follow, max-snippet:-1, max-image-preview:large, max-video-preview:-1\" \/>\n<link rel=\"canonical\" href=\"https:\/\/www.interhotel-central.cz\/cs\/wellness-balicek\/\" \/>\n<meta property=\"og:locale\" content=\"cs_CZ\" \/>\n<meta property=\"og:type\" content=\"article\" \/>\n<meta property=\"og:title\" content=\"Wellness Bal\u00ed\u010dek (2-4 noci) -\" \/>\n<meta property=\"og:description\" content=\"WELLNESS BAL\u00cd\u010cEK (2-4 noci) HBT (Sn\u00eddan\u011b a ve\u010de\u0159e) Bal\u00ed\u010dek s ubytov\u00e1n\u00edm, polopenz\u00ed a procedurami Bal\u00ed\u010dek [&hellip;]\" \/>\n<meta property=\"og:url\" content=\"https:\/\/www.interhotel-central.cz\/cs\/wellness-balicek\/\" \/>\n<meta property=\"article:modified_time\" content=\"2025-12-16T07:56:40+00:00\" \/>\n<meta property=\"og:image\" content=\"https:\/\/www.interhotel-central.cz\/wp-content\/uploads\/sites\/5\/2019\/03\/interhotel-central-35-300x164.jpg\" \/>\n<meta name=\"twitter:card\" content=\"summary_large_image\" \/>\n<meta name=\"twitter:label1\" content=\"Odhadovan\u00e1 doba \u010dten\u00ed\" \/>\n\t<meta name=\"twitter:data1\" content=\"1 minuta\" \/>\n<script type=\"application\/ld+json\" class=\"yoast-schema-graph\">{\"@context\":\"https:\/\/schema.org\",\"@graph\":[{\"@type\":\"WebPage\",\"@id\":\"https:\/\/www.interhotel-central.cz\/cs\/wellness-balicek\/\",\"url\":\"https:\/\/www.interhotel-central.cz\/cs\/wellness-balicek\/\",\"name\":\"Wellness Bal\u00ed\u010dek (2-4 noci) -\",\"isPartOf\":{\"@id\":\"https:\/\/www.interhotel-central.cz\/cs\/#website\"},\"primaryImageOfPage\":{\"@id\":\"https:\/\/www.interhotel-central.cz\/cs\/wellness-balicek\/#primaryimage\"},\"image\":{\"@id\":\"https:\/\/www.interhotel-central.cz\/cs\/wellness-balicek\/#primaryimage\"},\"thumbnailUrl\":\"https:\/\/www.interhotel-central.cz\/wp-content\/uploads\/sites\/5\/2019\/03\/interhotel-central-35-300x164.jpg\",\"datePublished\":\"2025-09-19T09:48:23+00:00\",\"dateModified\":\"2025-12-16T07:56:40+00:00\",\"breadcrumb\":{\"@id\":\"https:\/\/www.interhotel-central.cz\/cs\/wellness-balicek\/#breadcrumb\"},\"inLanguage\":\"cs\",\"potentialAction\":[{\"@type\":\"ReadAction\",\"target\":[\"https:\/\/www.interhotel-central.cz\/cs\/wellness-balicek\/\"]}]},{\"@type\":\"ImageObject\",\"inLanguage\":\"cs\",\"@id\":\"https:\/\/www.interhotel-central.cz\/cs\/wellness-balicek\/#primaryimage\",\"url\":\"https:\/\/www.interhotel-central.cz\/wp-content\/uploads\/sites\/5\/2019\/03\/interhotel-central-35-300x164.jpg\",\"contentUrl\":\"https:\/\/www.interhotel-central.cz\/wp-content\/uploads\/sites\/5\/2019\/03\/interhotel-central-35-300x164.jpg\"},{\"@type\":\"BreadcrumbList\",\"@id\":\"https:\/\/www.interhotel-central.cz\/cs\/wellness-balicek\/#breadcrumb\",\"itemListElement\":[{\"@type\":\"ListItem\",\"position\":1,\"name\":\"Home\",\"item\":\"https:\/\/www.interhotel-central.cz\/cs\/\"},{\"@type\":\"ListItem\",\"position\":2,\"name\":\"Wellness Bal\u00ed\u010dek (2-4 noci)\"}]},{\"@type\":\"WebSite\",\"@id\":\"https:\/\/www.interhotel-central.cz\/cs\/#website\",\"url\":\"https:\/\/www.interhotel-central.cz\/cs\/\",\"name\":\"\",\"description\":\"Just another ms.decms.eu site\",\"potentialAction\":[{\"@type\":\"SearchAction\",\"target\":{\"@type\":\"EntryPoint\",\"urlTemplate\":\"https:\/\/www.interhotel-central.cz\/cs\/?s={search_term_string}\"},\"query-input\":{\"@type\":\"PropertyValueSpecification\",\"valueRequired\":true,\"valueName\":\"search_term_string\"}}],\"inLanguage\":\"cs\"}]}<\/script>\n<!-- \/ Yoast SEO plugin. -->","yoast_head_json":{"title":"Wellness Bal\u00ed\u010dek (2-4 noci) -","robots":{"index":"index","follow":"follow","max-snippet":"max-snippet:-1","max-image-preview":"max-image-preview:large","max-video-preview":"max-video-preview:-1"},"canonical":"https:\/\/www.interhotel-central.cz\/cs\/wellness-balicek\/","og_locale":"cs_CZ","og_type":"article","og_title":"Wellness Bal\u00ed\u010dek (2-4 noci) -","og_description":"WELLNESS BAL\u00cd\u010cEK (2-4 noci) HBT (Sn\u00eddan\u011b a ve\u010de\u0159e) Bal\u00ed\u010dek s ubytov\u00e1n\u00edm, polopenz\u00ed a procedurami Bal\u00ed\u010dek [&hellip;]","og_url":"https:\/\/www.interhotel-central.cz\/cs\/wellness-balicek\/","article_modified_time":"2025-12-16T07:56:40+00:00","og_image":[{"url":"https:\/\/www.interhotel-central.cz\/wp-content\/uploads\/sites\/5\/2019\/03\/interhotel-central-35-300x164.jpg","type":"","width":"","height":""}],"twitter_card":"summary_large_image","twitter_misc":{"Odhadovan\u00e1 doba \u010dten\u00ed":"1 minuta"},"schema":{"@context":"https:\/\/schema.org","@graph":[{"@type":"WebPage","@id":"https:\/\/www.interhotel-central.cz\/cs\/wellness-balicek\/","url":"https:\/\/www.interhotel-central.cz\/cs\/wellness-balicek\/","name":"Wellness Bal\u00ed\u010dek (2-4 noci) -","isPartOf":{"@id":"https:\/\/www.interhotel-central.cz\/cs\/#website"},"primaryImageOfPage":{"@id":"https:\/\/www.interhotel-central.cz\/cs\/wellness-balicek\/#primaryimage"},"image":{"@id":"https:\/\/www.interhotel-central.cz\/cs\/wellness-balicek\/#primaryimage"},"thumbnailUrl":"https:\/\/www.interhotel-central.cz\/wp-content\/uploads\/sites\/5\/2019\/03\/interhotel-central-35-300x164.jpg","datePublished":"2025-09-19T09:48:23+00:00","dateModified":"2025-12-16T07:56:40+00:00","breadcrumb":{"@id":"https:\/\/www.interhotel-central.cz\/cs\/wellness-balicek\/#breadcrumb"},"inLanguage":"cs","potentialAction":[{"@type":"ReadAction","target":["https:\/\/www.interhotel-central.cz\/cs\/wellness-balicek\/"]}]},{"@type":"ImageObject","inLanguage":"cs","@id":"https:\/\/www.interhotel-central.cz\/cs\/wellness-balicek\/#primaryimage","url":"https:\/\/www.interhotel-central.cz\/wp-content\/uploads\/sites\/5\/2019\/03\/interhotel-central-35-300x164.jpg","contentUrl":"https:\/\/www.interhotel-central.cz\/wp-content\/uploads\/sites\/5\/2019\/03\/interhotel-central-35-300x164.jpg"},{"@type":"BreadcrumbList","@id":"https:\/\/www.interhotel-central.cz\/cs\/wellness-balicek\/#breadcrumb","itemListElement":[{"@type":"ListItem","position":1,"name":"Home","item":"https:\/\/www.interhotel-central.cz\/cs\/"},{"@type":"ListItem","position":2,"name":"Wellness Bal\u00ed\u010dek (2-4 noci)"}]},{"@type":"WebSite","@id":"https:\/\/www.interhotel-central.cz\/cs\/#website","url":"https:\/\/www.interhotel-central.cz\/cs\/","name":"","description":"Just another ms.decms.eu site","potentialAction":[{"@type":"SearchAction","target":{"@type":"EntryPoint","urlTemplate":"https:\/\/www.interhotel-central.cz\/cs\/?s={search_term_string}"},"query-input":{"@type":"PropertyValueSpecification","valueRequired":true,"valueName":"search_term_string"}}],"inLanguage":"cs"}]}},"acf":[],"_links":{"self":[{"href":"https:\/\/www.interhotel-central.cz\/cs\/wp-json\/wp\/v2\/pages\/1428","targetHints":{"allow":["GET"]}}],"collection":[{"href":"https:\/\/www.interhotel-central.cz\/cs\/wp-json\/wp\/v2\/pages"}],"about":[{"href":"https:\/\/www.interhotel-central.cz\/cs\/wp-json\/wp\/v2\/types\/page"}],"author":[{"embeddable":true,"href":"https:\/\/www.interhotel-central.cz\/cs\/wp-json\/wp\/v2\/users\/532"}],"replies":[{"embeddable":true,"href":"https:\/\/www.interhotel-central.cz\/cs\/wp-json\/wp\/v2\/comments?post=1428"}],"version-history":[{"count":0,"href":"https:\/\/www.interhotel-central.cz\/cs\/wp-json\/wp\/v2\/pages\/1428\/revisions"}],"wp:attachment":[{"href":"https:\/\/www.interhotel-central.cz\/cs\/wp-json\/wp\/v2\/media?parent=1428"}],"curies":[{"name":"wp","href":"https:\/\/api.w.org\/{rel}","templated":true}]}}

Wellness Balíček (2-4 noci)

<p><strong>WELLNESS BALÍČEK (2-4 noci)</strong><br />
HBT<br />
(Snídaně a večeře)<br />
Balíček s ubytováním, polopenzí a procedurami</p>
<p>Balíček zahrnuje:</p>
<p>• <strong>2 procedury denně</strong> / seznam nabízených procedur: Hydrojet, klasická masáž – 20 minut, parafínový zábal na ruce, koupele, inhalace, oxygenoterapie, irigace dásní<br />
• Welcome drink (Becherovka/ víno/prosecco) v restauraci<br />
• Polopenze (snídaně a večeře)<br />
• Bazén s protiproudem<br />
• Vířivka</p>
<p>• 1x vstup do privátní sauny (60 minut) &#8211; rezervace předem<br />
• Fitness<br />
• Kulečník<br />
• Stolní tenis<br />
• Parkování  za příplatek<br />
Cena balíčku je nedělitelná a nevratná.</p>
<!-- "File Gallery" plugin says: - No attachments found for the following shortcode arguments: "{"link":"post"}" -->
<p><img loading="lazy" decoding="async" class="alignnone size-medium wp-image-1232" src="https://www.interhotel-central.cz/wp-content/uploads/sites/5/2019/03/interhotel-central-35-300x164.jpg" alt="" width="300" height="164" srcset="https://www.interhotel-central.cz/wp-content/uploads/sites/5/2019/03/interhotel-central-35-300x164.jpg 300w, https://www.interhotel-central.cz/wp-content/uploads/sites/5/2019/03/interhotel-central-35-768x419.jpg 768w, https://www.interhotel-central.cz/wp-content/uploads/sites/5/2019/03/interhotel-central-35-1024x559.jpg 1024w, https://www.interhotel-central.cz/wp-content/uploads/sites/5/2019/03/interhotel-central-35-1200x654.jpg 1200w, https://www.interhotel-central.cz/wp-content/uploads/sites/5/2019/03/interhotel-central-35-992x541.jpg 992w" sizes="auto, (max-width: 300px) 100vw, 300px" /></p>

<p>WELLNESS BALÍČEK (2-4 noci) HBT (Snídaně a večeře) Balíček s ubytováním, polopenzí a procedurami Balíček [&hellip;]</p>

<!-- This site is optimized with the Yoast SEO plugin v26.9 - https://yoast.com/product/yoast-seo-wordpress/ -->
<title>Wellness Balíček (2-4 noci) -</title>
<meta name="robots" content="index, follow, max-snippet:-1, max-image-preview:large, max-video-preview:-1" />
<link rel="canonical" href="https://www.interhotel-central.cz/cs/wellness-balicek/" />
<meta property="og:locale" content="cs_CZ" />
<meta property="og:type" content="article" />
<meta property="og:title" content="Wellness Balíček (2-4 noci) -" />
<meta property="og:description" content="WELLNESS BALÍČEK (2-4 noci) HBT (Snídaně a večeře) Balíček s ubytováním, polopenzí a procedurami Balíček [&hellip;]" />
<meta property="og:url" content="https://www.interhotel-central.cz/cs/wellness-balicek/" />
<meta property="article:modified_time" content="2025-12-16T07:56:40+00:00" />
<meta property="og:image" content="https://www.interhotel-central.cz/wp-content/uploads/sites/5/2019/03/interhotel-central-35-300x164.jpg" />
<meta name="twitter:card" content="summary_large_image" />
<meta name="twitter:label1" content="Odhadovaná doba čtení" />
	<meta name="twitter:data1" content="1 minuta" />
<script type="application/ld+json" class="yoast-schema-graph">{"@context":"https://schema.org","@graph":[{"@type":"WebPage","@id":"https://www.interhotel-central.cz/cs/wellness-balicek/","url":"https://www.interhotel-central.cz/cs/wellness-balicek/","name":"Wellness Balíček (2-4 noci) -","isPartOf":{"@id":"https://www.interhotel-central.cz/cs/#website"},"primaryImageOfPage":{"@id":"https://www.interhotel-central.cz/cs/wellness-balicek/#primaryimage"},"image":{"@id":"https://www.interhotel-central.cz/cs/wellness-balicek/#primaryimage"},"thumbnailUrl":"https://www.interhotel-central.cz/wp-content/uploads/sites/5/2019/03/interhotel-central-35-300x164.jpg","datePublished":"2025-09-19T09:48:23+00:00","dateModified":"2025-12-16T07:56:40+00:00","breadcrumb":{"@id":"https://www.interhotel-central.cz/cs/wellness-balicek/#breadcrumb"},"inLanguage":"cs","potentialAction":[{"@type":"ReadAction","target":["https://www.interhotel-central.cz/cs/wellness-balicek/"]}]},{"@type":"ImageObject","inLanguage":"cs","@id":"https://www.interhotel-central.cz/cs/wellness-balicek/#primaryimage","url":"https://www.interhotel-central.cz/wp-content/uploads/sites/5/2019/03/interhotel-central-35-300x164.jpg","contentUrl":"https://www.interhotel-central.cz/wp-content/uploads/sites/5/2019/03/interhotel-central-35-300x164.jpg"},{"@type":"BreadcrumbList","@id":"https://www.interhotel-central.cz/cs/wellness-balicek/#breadcrumb","itemListElement":[{"@type":"ListItem","position":1,"name":"Home","item":"https://www.interhotel-central.cz/cs/"},{"@type":"ListItem","position":2,"name":"Wellness Balíček (2-4 noci)"}]},{"@type":"WebSite","@id":"https://www.interhotel-central.cz/cs/#website","url":"https://www.interhotel-central.cz/cs/","name":"","description":"Just another ms.decms.eu site","potentialAction":[{"@type":"SearchAction","target":{"@type":"EntryPoint","urlTemplate":"https://www.interhotel-central.cz/cs/?s={search_term_string}"},"query-input":{"@type":"PropertyValueSpecification","valueRequired":true,"valueName":"search_term_string"}}],"inLanguage":"cs"}]}</script>
<!-- / Yoast SEO plugin. -->

Wellness Balíček (2-4 noci) -

WELLNESS BALÍČEK (2-4 noci) HBT (Snídaně a večeře) Balíček s ubytováním, polopenzí a procedurami Balíček [&hellip;]
